{"id":260,"date":"2020-05-08T17:55:46","date_gmt":"2020-05-08T20:55:46","guid":{"rendered":"http:\/\/maranghello.com.ar\/viajes\/?page_id=260"},"modified":"2023-05-13T16:32:19","modified_gmt":"2023-05-13T19:32:19","slug":"viajeros-temporada-2-8","status":"publish","type":"page","link":"https:\/\/maranghello.com.ar\/viajes\/index.php\/viajeros-temporada-2-8\/","title":{"rendered":"Viajeros, Temporada 2. Cap\u00edtulo 9"},"content":{"rendered":"\n<h2 class=\"wp-block-heading\">Cap\u00edtulo 9. De regreso.<\/h2>\n\n\n\n<figure class=\"wp-block-audio\"><audio controls src=\"http:\/\/maranghello.com.ar\/viajes\/wp-content\/uploads\/2020\/05\/T2-Capitulo09.mp3\"><\/audio><figcaption class=\"wp-element-caption\">Escuch\u00e1 el cap\u00edtulo.<\/figcaption><\/figure>\n\n\n\n<p class=\"has-medium-font-size\">El d\u00eda amaneci\u00f3 mayormente nublado y fr\u00edo. Vale recordar que aunque est\u00e1bamos en enero, nos encontr\u00e1bamos a casi 3.800 metros sobre el nivel del mar. San Antonio de Los Cobres no es un pueblo pintoresco y tampoco ofrece mucho para ver, salvo la estaci\u00f3n del Tren a las Nubes.<\/p>\n\n\n\n<p class=\"has-medium-font-size\">Luego de desayunar y cargar el equipaje en la noble Yamaha XTZ250, que vale destacar, hasta el momento no nos hab\u00eda dado ning\u00fan problema, nos dirigimos hacia la estaci\u00f3n para hacer algunas fotos.<\/p>\n\n\n\n<figure class=\"wp-block-image size-large\"><img loading=\"lazy\" decoding=\"async\" width=\"1024\" height=\"681\" src=\"http:\/\/maranghello.com.ar\/viajes\/wp-content\/uploads\/2020\/05\/DSC_5534-1024x681.jpg\" alt=\"\" class=\"wp-image-261\" srcset=\"https:\/\/maranghello.com.ar\/viajes\/wp-content\/uploads\/2020\/05\/DSC_5534-1024x681.jpg 1024w, https:\/\/maranghello.com.ar\/viajes\/wp-content\/uploads\/2020\/05\/DSC_5534-300x199.jpg 300w, https:\/\/maranghello.com.ar\/viajes\/wp-content\/uploads\/2020\/05\/DSC_5534-768x511.jpg 768w, https:\/\/maranghello.com.ar\/viajes\/wp-content\/uploads\/2020\/05\/DSC_5534-1536x1021.jpg 1536w, https:\/\/maranghello.com.ar\/viajes\/wp-content\/uploads\/2020\/05\/DSC_5534-2048x1362.jpg 2048w\" sizes=\"auto, (max-width: 706px) 89vw, (max-width: 767px) 82vw, 740px\" \/><figcaption class=\"wp-element-caption\">El t\u00edpico cartel.<\/figcaption><\/figure>\n\n\n\n<figure class=\"wp-block-image size-large\"><img loading=\"lazy\" decoding=\"async\" width=\"1024\" height=\"681\" src=\"http:\/\/maranghello.com.ar\/viajes\/wp-content\/uploads\/2020\/05\/DSC_5540-1024x681.jpg\" alt=\"\" class=\"wp-image-262\" srcset=\"https:\/\/maranghello.com.ar\/viajes\/wp-content\/uploads\/2020\/05\/DSC_5540-1024x681.jpg 1024w, https:\/\/maranghello.com.ar\/viajes\/wp-content\/uploads\/2020\/05\/DSC_5540-300x199.jpg 300w, https:\/\/maranghello.com.ar\/viajes\/wp-content\/uploads\/2020\/05\/DSC_5540-768x511.jpg 768w, https:\/\/maranghello.com.ar\/viajes\/wp-content\/uploads\/2020\/05\/DSC_5540-1536x1021.jpg 1536w, https:\/\/maranghello.com.ar\/viajes\/wp-content\/uploads\/2020\/05\/DSC_5540-2048x1362.jpg 2048w\" sizes=\"auto, (max-width: 706px) 89vw, (max-width: 767px) 82vw, 740px\" \/><figcaption class=\"wp-element-caption\">La Estaci\u00f3n<\/figcaption><\/figure>\n\n\n\n<figure class=\"wp-block-image size-large\"><img loading=\"lazy\" decoding=\"async\" width=\"1024\" height=\"863\" src=\"http:\/\/maranghello.com.ar\/viajes\/wp-content\/uploads\/2020\/05\/image-1-1024x863.png\" alt=\"\" class=\"wp-image-263\" srcset=\"https:\/\/maranghello.com.ar\/viajes\/wp-content\/uploads\/2020\/05\/image-1-1024x863.png 1024w, https:\/\/maranghello.com.ar\/viajes\/wp-content\/uploads\/2020\/05\/image-1-300x253.png 300w, https:\/\/maranghello.com.ar\/viajes\/wp-content\/uploads\/2020\/05\/image-1-768x647.png 768w, https:\/\/maranghello.com.ar\/viajes\/wp-content\/uploads\/2020\/05\/image-1-1536x1294.png 1536w, https:\/\/maranghello.com.ar\/viajes\/wp-content\/uploads\/2020\/05\/image-1-2048x1725.png 2048w\" sizes=\"auto, (max-width: 706px) 89vw, (max-width: 767px) 82vw, 740px\" \/><\/figure>\n\n\n\n<p class=\"has-medium-font-size\">Terminada la sesi\u00f3n fotogr\u00e1fica, emprendimos el regreso hacia la ciudad de Salta. Si bien nos quedaban unos tres d\u00edas m\u00e1s, nos encontr\u00e1bamos desanimados; no por el viaje ni por las circunstancias adversas que ven\u00edamos soportando; noticias dolorosas nos llegaron desde Buenos Aires y ya no hab\u00eda \u00e1nimo de continuar.<\/p>\n\n\n\n<p class=\"has-medium-font-size\">Luego de cargar combustible, tomamos la RN51 cerca de las once y media de la ma\u00f1ana rumbo al este. En aquel tiempo a\u00fan era de ripio y por lo general, con mucho material suelto por el constante paso de camiones de gran porte que unen Salta con Chile por el paso de Sico. &nbsp;<\/p>\n\n\n\n<p class=\"has-medium-font-size\">A penas dejamos atr\u00e1s San Antonio de los Cobres, una curva en subida nos deja en una larga recta en bajada. Se notaba que hab\u00eda ca\u00eddo mucha agua durante la noche y los d\u00edas previos. El camino no estaba pisado a\u00fan. El material suelto formaba una capa de barro arenoso; por tramos patinozo, por tramos m\u00e1s firme. El panorama no era alentador; la vista hacia delante mostraba el camino mojado y rojizo que se hac\u00eda interminable; muy raro verlo as\u00ed cuando en otros viajes era de un tono claro y predominaba el polvo en el aire. El viento era de moderado a fuerte; no podr\u00eda determinar en qu\u00e9 sentido ven\u00eda; era cambiante a medida que avanz\u00e1bamos. Lo hac\u00eda a marcha lenta y tratando de no patinar. Por momentos cambiaba al centro de la ruta; en otros momentos iba por los bordes y as\u00ed, buscando el terreno m\u00e1s firme que pudiera encontrar. Sab\u00eda que \u00edbamos a tardar un largo rato en hacer ese tramo hasta llegar a la zona asfaltada; si mal no recuerdo, unos veinte kil\u00f3metros.<\/p>\n\n\n\n<p class=\"has-medium-font-size\">De pronto, las nubes comenzaron a dispersarse y empezamos a ver el cielo azul por partes. Eso levant\u00f3 el \u00e1nimo. Hubo algunas patinadas importantes, pero no tuvimos ninguna ca\u00edda.<\/p>\n\n\n\n<p class=\"has-medium-font-size\">Llegamos al asfalto poco antes de las trece horas, todo lo complicado parec\u00eda haber quedado atr\u00e1s. Paramos para hacer unas fotos en un parador en ruinas a la altura de la Estaci\u00f3n Mu\u00f1ano del Tren a Las Nubes. Mientras mi mujer hac\u00eda lo suyo, caminaba para relajar un poco el cuerpo luego de tanta tensi\u00f3n.<\/p>\n\n\n\n<figure class=\"wp-block-image size-large\"><img loading=\"lazy\" decoding=\"async\" width=\"1024\" height=\"681\" src=\"http:\/\/maranghello.com.ar\/viajes\/wp-content\/uploads\/2020\/05\/DSC_5547-1024x681.jpg\" alt=\"\" class=\"wp-image-265\" srcset=\"https:\/\/maranghello.com.ar\/viajes\/wp-content\/uploads\/2020\/05\/DSC_5547-1024x681.jpg 1024w, https:\/\/maranghello.com.ar\/viajes\/wp-content\/uploads\/2020\/05\/DSC_5547-300x199.jpg 300w, https:\/\/maranghello.com.ar\/viajes\/wp-content\/uploads\/2020\/05\/DSC_5547-768x511.jpg 768w, https:\/\/maranghello.com.ar\/viajes\/wp-content\/uploads\/2020\/05\/DSC_5547-1536x1021.jpg 1536w, https:\/\/maranghello.com.ar\/viajes\/wp-content\/uploads\/2020\/05\/DSC_5547-2048x1362.jpg 2048w\" sizes=\"auto, (max-width: 706px) 89vw, (max-width: 767px) 82vw, 740px\" \/><figcaption class=\"wp-element-caption\">Le arruin\u00e9 la foto. Parador en ruinas en Mu\u00f1ano.<\/figcaption><\/figure>\n\n\n\n<p class=\"has-medium-font-size\">Montamos la moto y continuamos viaje. Est\u00e1bamos en una zona de largas rectas y curvones amplios. Pronto llegamos a la zona sinuosa y aqu\u00ed una nueva se\u00f1al de alerta; claramente hab\u00eda pasado una importante tormenta y en medio de las curvas que pasan entre los peque\u00f1os cerros cortados, se encontraban rocas de todo tama\u00f1o sobre la cinta asf\u00e1ltica. El viento se hab\u00eda acelerado y nuevamente deb\u00edamos circular a baja velocidad para poder esquivar los obst\u00e1culos; tambi\u00e9n rogaba que no nos caiga ninguna roca, ya que vimos desprendimientos delante nuestro en dos oportunidades.<\/p>\n\n\n\n<p class=\"has-medium-font-size\">A unos veinticinco kil\u00f3metros, llegamos al paraje Alfarcito, donde toda esta aventura de andar en moto, hab\u00eda comenzado. Nos detuvimos para ver la capilla; sab\u00edamos que hab\u00eda sido remodelada; en el centro, la tumba de El Padre Chifri. Tambi\u00e9n se agrand\u00f3 hacia unos de los laterales donde se agreg\u00f3 una cruz de vidrio similar a la de la Capilla de El Rosal.<\/p>\n\n\n\n<figure class=\"wp-block-image size-large\"><img loading=\"lazy\" decoding=\"async\" width=\"1024\" height=\"681\" src=\"http:\/\/maranghello.com.ar\/viajes\/wp-content\/uploads\/2020\/05\/DSC_5560-1024x681.jpg\" alt=\"\" class=\"wp-image-266\" srcset=\"https:\/\/maranghello.com.ar\/viajes\/wp-content\/uploads\/2020\/05\/DSC_5560-1024x681.jpg 1024w, https:\/\/maranghello.com.ar\/viajes\/wp-content\/uploads\/2020\/05\/DSC_5560-300x199.jpg 300w, https:\/\/maranghello.com.ar\/viajes\/wp-content\/uploads\/2020\/05\/DSC_5560-768x511.jpg 768w, https:\/\/maranghello.com.ar\/viajes\/wp-content\/uploads\/2020\/05\/DSC_5560-1536x1021.jpg 1536w, https:\/\/maranghello.com.ar\/viajes\/wp-content\/uploads\/2020\/05\/DSC_5560-2048x1362.jpg 2048w\" sizes=\"auto, (max-width: 706px) 89vw, (max-width: 767px) 82vw, 740px\" \/><figcaption class=\"wp-element-caption\">Alfarcito.<\/figcaption><\/figure>\n\n\n\n<figure class=\"wp-block-image size-large\"><img loading=\"lazy\" decoding=\"async\" width=\"1024\" height=\"681\" src=\"http:\/\/maranghello.com.ar\/viajes\/wp-content\/uploads\/2020\/05\/DSC_5557-1024x681.jpg\" alt=\"\" class=\"wp-image-267\" srcset=\"https:\/\/maranghello.com.ar\/viajes\/wp-content\/uploads\/2020\/05\/DSC_5557-1024x681.jpg 1024w, https:\/\/maranghello.com.ar\/viajes\/wp-content\/uploads\/2020\/05\/DSC_5557-300x199.jpg 300w, https:\/\/maranghello.com.ar\/viajes\/wp-content\/uploads\/2020\/05\/DSC_5557-768x511.jpg 768w, https:\/\/maranghello.com.ar\/viajes\/wp-content\/uploads\/2020\/05\/DSC_5557-1536x1021.jpg 1536w, https:\/\/maranghello.com.ar\/viajes\/wp-content\/uploads\/2020\/05\/DSC_5557-2048x1362.jpg 2048w\" sizes=\"auto, (max-width: 706px) 89vw, (max-width: 767px) 82vw, 740px\" \/><figcaption class=\"wp-element-caption\">La r\u00e9plica de la Cruz de El Rosal.<\/figcaption><\/figure>\n\n\n\n<p class=\"has-medium-font-size\">Continuamos viaje; a medida que nos acerc\u00e1bamos a Salta, la temperatura iba elev\u00e1ndose pero el sol iba quedando atr\u00e1s y las nubes iban cerrando nuevamente el cielo.<\/p>\n\n\n\n<p class=\"has-medium-font-size\">Ya le hab\u00eda avisado a Carlos que devolver\u00edamos la moto antes de lo pactado. Llegamos a Moto Alquiler Salta a la hora que hab\u00edamos previsto. A pocos minutos lleg\u00f3 Carlos. Devolvimos la moto y nos llev\u00f3 a un estacionamiento cercano donde estaba nuestro auto ya reparado.<\/p>\n\n\n\n<p class=\"has-medium-font-size\">Carlos quiso devolvernos del dinero por la diferencia de los d\u00edas que no hab\u00edamos utilizado, pero preferimos dej\u00e1rselo; nos hab\u00eda hecho un enorme favor al llevar nuestro auto a un taller para reparar el aire acondicionado. Prometi\u00f3 hacernos un descuento en el pr\u00f3ximo viaje; &nbsp;prometimos volver.<\/p>\n\n\n\n<p class=\"has-medium-font-size\">Hicimos noche en Salta y a la ma\u00f1ana siguiente, emprendimos el regreso a casa.<\/p>\n\n\n\n<p class=\"has-medium-font-size\">La moto no parec\u00eda ser una opci\u00f3n para hacer estos viajes, m\u00e1s que nada por la incomodidad para mi mujer por el asiento. Quedaba pendiente el recorrido por la Puna, tanto Tolar Grande como la zona norte, en especial Cus\u00ed Cus\u00ed y su Valle de la Luna y el paraje Santa Catalina, bien al norte a metros del l\u00edmite con Bolivia.<\/p>\n\n\n\n<p class=\"has-medium-font-size\">Fin de temporada.<\/p>\n\n\n\n<p><a href=\"http:\/\/maranghello.com.ar\/viajes\/index.php\/viajeros-temporada-3-capitulo-1\/\">Siguiente Temporada<\/a><\/p>\n","protected":false},"excerpt":{"rendered":"<p>Cap\u00edtulo 9. De regreso. El d\u00eda amaneci\u00f3 mayormente nublado y fr\u00edo. Vale recordar que aunque est\u00e1bamos en enero, nos encontr\u00e1bamos a casi 3.800 metros sobre el nivel del mar. San Antonio de Los Cobres no es un pueblo pintoresco y tampoco ofrece mucho para ver, salvo la estaci\u00f3n del Tren a las Nubes. Luego de &hellip; <\/p>\n<p class=\"link-more\"><a href=\"https:\/\/maranghello.com.ar\/viajes\/index.php\/viajeros-temporada-2-8\/\" class=\"more-link\">Segu\u00ed leyendo<span class=\"screen-reader-text\"> &#8220;Viajeros, Temporada 2. Cap\u00edtulo 9&#8221;<\/span><\/a><\/p>\n","protected":false},"author":1,"featured_media":0,"parent":0,"menu_order":0,"comment_status":"closed","ping_status":"closed","template":"","meta":{"footnotes":""},"class_list":["post-260","page","type-page","status-publish","hentry"],"_links":{"self":[{"href":"https:\/\/maranghello.com.ar\/viajes\/index.php\/wp-json\/wp\/v2\/pages\/260","targetHints":{"allow":["GET"]}}],"collection":[{"href":"https:\/\/maranghello.com.ar\/viajes\/index.php\/wp-json\/wp\/v2\/pages"}],"about":[{"href":"https:\/\/maranghello.com.ar\/viajes\/index.php\/wp-json\/wp\/v2\/types\/page"}],"author":[{"embeddable":true,"href":"https:\/\/maranghello.com.ar\/viajes\/index.php\/wp-json\/wp\/v2\/users\/1"}],"replies":[{"embeddable":true,"href":"https:\/\/maranghello.com.ar\/viajes\/index.php\/wp-json\/wp\/v2\/comments?post=260"}],"version-history":[{"count":5,"href":"https:\/\/maranghello.com.ar\/viajes\/index.php\/wp-json\/wp\/v2\/pages\/260\/revisions"}],"predecessor-version":[{"id":414,"href":"https:\/\/maranghello.com.ar\/viajes\/index.php\/wp-json\/wp\/v2\/pages\/260\/revisions\/414"}],"wp:attachment":[{"href":"https:\/\/maranghello.com.ar\/viajes\/index.php\/wp-json\/wp\/v2\/media?parent=260"}],"curies":[{"name":"wp","href":"https:\/\/api.w.org\/{rel}","templated":true}]}}