{"id":234,"date":"2020-05-06T18:54:30","date_gmt":"2020-05-06T21:54:30","guid":{"rendered":"http:\/\/maranghello.com.ar\/viajes\/?page_id=234"},"modified":"2023-05-13T16:29:03","modified_gmt":"2023-05-13T19:29:03","slug":"viajeros-temporada-2-6","status":"publish","type":"page","link":"https:\/\/maranghello.com.ar\/viajes\/index.php\/viajeros-temporada-2-6\/","title":{"rendered":"Viajeros, Temporada 2, Cap\u00edtulo 7"},"content":{"rendered":"\n<h2 class=\"wp-block-heading\">Cap\u00edtulo 7. Llueve.<\/h2>\n\n\n\n<figure class=\"wp-block-audio\"><audio controls src=\"http:\/\/maranghello.com.ar\/viajes\/wp-content\/uploads\/2020\/05\/T2-Capitulo07.mp3\"><\/audio><\/figure>\n\n\n\n<p class=\"has-medium-font-size\">Dejamos atr\u00e1s Abra Pampa y el primer d\u00eda en que pudimos ver el sol y el cielo azul. Luego de llenar el tanque de combustible, emprendimos el regreso hacia el sur por la RN9.<\/p>\n\n\n\n<p class=\"has-medium-font-size\">A la altura de Tres Cruces, el cielo hacia el sur se ve\u00eda negro. Nada que hacer m\u00e1s que seguir adelante. M\u00e1s adelante un chaparr\u00f3n de corta duraci\u00f3n pero suficiente para empaparnos. No tenemos pensado detenernos. Nubes bajas cargadas de agua; r\u00e1fagas de viento de variada intensidad; muy mal tiempo. De pronto, el arco\u00edris al este obliga a detenernos para tomar fotograf\u00edas.<\/p>\n\n\n\n<figure class=\"wp-block-image size-large\"><img loading=\"lazy\" decoding=\"async\" width=\"1024\" height=\"681\" src=\"http:\/\/maranghello.com.ar\/viajes\/wp-content\/uploads\/2020\/05\/DSC_5430-1024x681.jpg\" alt=\"\" class=\"wp-image-235\" srcset=\"https:\/\/maranghello.com.ar\/viajes\/wp-content\/uploads\/2020\/05\/DSC_5430-1024x681.jpg 1024w, https:\/\/maranghello.com.ar\/viajes\/wp-content\/uploads\/2020\/05\/DSC_5430-300x199.jpg 300w, https:\/\/maranghello.com.ar\/viajes\/wp-content\/uploads\/2020\/05\/DSC_5430-768x511.jpg 768w, https:\/\/maranghello.com.ar\/viajes\/wp-content\/uploads\/2020\/05\/DSC_5430-1536x1021.jpg 1536w, https:\/\/maranghello.com.ar\/viajes\/wp-content\/uploads\/2020\/05\/DSC_5430-2048x1362.jpg 2048w\" sizes=\"auto, (max-width: 706px) 89vw, (max-width: 767px) 82vw, 740px\" \/><figcaption class=\"wp-element-caption\">Arco iris en la RN9 <\/figcaption><\/figure>\n\n\n\n<p class=\"has-medium-font-size\">Montamos la moto. A esta altura, mi mujer ya no soporta m\u00e1s el duro asiento por estar atravesado por la lona, a modo de montura. Est\u00e1bamos agotados y algo desanimados. Llegamos a Tilcara y volvimos a cargar combustible; Humahuaca y Tilcara son los \u00fanicos lugares que cuentan con estaciones de servicio. Muchos turistas. Las motos tienen una cola aparte y all\u00ed nos colocamos. Notamos que los lugare\u00f1os llevan ponchos de nylon y calzan botas de goma.<\/p>\n\n\n\n<p class=\"has-medium-font-size\">Nuevamente la lluvia. Fuimos a una ferreter\u00eda all\u00ed en Tilcara. Hab\u00eda mucha gente del lugar. La mayor\u00eda compraba rollos de tela pl\u00e1stica para cubrir los techos, ya que en estos lugares son de adobe con base de ca\u00f1a y paja, pero no est\u00e1n preparados para la cantidad de agua que estaba cayendo. Compr\u00e9 bolsas de residuos para consorcio, esas que son bien resistentes y de gran tama\u00f1o. Les hice un agujero para pasar la cabeza y otros para sacar los brazos y as\u00ed evitar mojarnos tanto.<\/p>\n\n\n\n<p class=\"has-medium-font-size\">Tomamos la ruta y nos dirigimos a Purmamarca. Calculo que unos 20 kil\u00f3metros fueron bajo el agua. Llegamos ca\u00edda la tarde y ya con poca luz por el cielo totalmente cubierto. Est\u00e1bamos empapados, pero los ponchos nos hab\u00edan protegido la parte de arriba de la ropa.<\/p>\n\n\n\n<p class=\"has-medium-font-size\">Fin del d\u00eda. Ducha de agua caliente y a descansar. Sinceramente, no sab\u00edamos d\u00f3nde poner tanta ropa mojada en la habitaci\u00f3n. Encendimos la calefacci\u00f3n de los radiadores.<\/p>\n\n\n\n<p class=\"has-medium-font-size\">A la ma\u00f1ana siguiente, nada hab\u00eda cambiado, continuaba lloviendo. Ese d\u00eda no ten\u00edamos planes ya que se supon\u00eda que estar\u00edamos por la Puna. Al d\u00eda siguiente deber\u00edamos tomar la RN52 para ir hasta Salinas Grandes y desde all\u00ed, tomar la antigua RN40 para llegar a San Antonio de los Cobres. Fuimos a un almac\u00e9n de ramos generales en Purmamarca y compramos botas de goma. En la feria de la plaza, compramos un almohad\u00f3n para que mi mujer tolere el asiento; el almohad\u00f3n ten\u00eda el motivo del Hombre Ara\u00f1a en azul y rojo. Esa fue toda la actividad del d\u00eda. Esto de la moto se est\u00e1 transformando en algo tedioso.<\/p>\n\n\n\n<p><a href=\"http:\/\/maranghello.com.ar\/viajes\/index.php\/viajeros-temporada-2-7\/\">Cap\u00edtulo siguiente<\/a><\/p>\n","protected":false},"excerpt":{"rendered":"<p>Cap\u00edtulo 7. Llueve. Dejamos atr\u00e1s Abra Pampa y el primer d\u00eda en que pudimos ver el sol y el cielo azul. Luego de llenar el tanque de combustible, emprendimos el regreso hacia el sur por la RN9. A la altura de Tres Cruces, el cielo hacia el sur se ve\u00eda negro. Nada que hacer m\u00e1s &hellip; <\/p>\n<p class=\"link-more\"><a href=\"https:\/\/maranghello.com.ar\/viajes\/index.php\/viajeros-temporada-2-6\/\" class=\"more-link\">Segu\u00ed leyendo<span class=\"screen-reader-text\"> &#8220;Viajeros, Temporada 2, Cap\u00edtulo 7&#8221;<\/span><\/a><\/p>\n","protected":false},"author":1,"featured_media":0,"parent":0,"menu_order":0,"comment_status":"closed","ping_status":"closed","template":"","meta":{"footnotes":""},"class_list":["post-234","page","type-page","status-publish","hentry"],"_links":{"self":[{"href":"https:\/\/maranghello.com.ar\/viajes\/index.php\/wp-json\/wp\/v2\/pages\/234","targetHints":{"allow":["GET"]}}],"collection":[{"href":"https:\/\/maranghello.com.ar\/viajes\/index.php\/wp-json\/wp\/v2\/pages"}],"about":[{"href":"https:\/\/maranghello.com.ar\/viajes\/index.php\/wp-json\/wp\/v2\/types\/page"}],"author":[{"embeddable":true,"href":"https:\/\/maranghello.com.ar\/viajes\/index.php\/wp-json\/wp\/v2\/users\/1"}],"replies":[{"embeddable":true,"href":"https:\/\/maranghello.com.ar\/viajes\/index.php\/wp-json\/wp\/v2\/comments?post=234"}],"version-history":[{"count":3,"href":"https:\/\/maranghello.com.ar\/viajes\/index.php\/wp-json\/wp\/v2\/pages\/234\/revisions"}],"predecessor-version":[{"id":412,"href":"https:\/\/maranghello.com.ar\/viajes\/index.php\/wp-json\/wp\/v2\/pages\/234\/revisions\/412"}],"wp:attachment":[{"href":"https:\/\/maranghello.com.ar\/viajes\/index.php\/wp-json\/wp\/v2\/media?parent=234"}],"curies":[{"name":"wp","href":"https:\/\/api.w.org\/{rel}","templated":true}]}}