{"id":124,"date":"2020-05-04T11:02:10","date_gmt":"2020-05-04T14:02:10","guid":{"rendered":"http:\/\/maranghello.com.ar\/viajes\/?page_id=124"},"modified":"2023-05-13T16:09:59","modified_gmt":"2023-05-13T19:09:59","slug":"viajeros-temporada-2","status":"publish","type":"page","link":"https:\/\/maranghello.com.ar\/viajes\/index.php\/viajeros-temporada-2\/","title":{"rendered":"Viajeros, Temporada 2, Cap\u00edtulo 1"},"content":{"rendered":"\n<h2 class=\"wp-block-heading\">Cap\u00edtulo 1, Viajemos en moto<\/h2>\n\n\n\n<figure class=\"wp-block-audio\"><audio controls src=\"http:\/\/maranghello.com.ar\/viajes\/wp-content\/uploads\/2020\/05\/T2-Capitulo01.mp3\"><\/audio><\/figure>\n\n\n\n<p class=\"has-medium-font-size\">Pasada la primera experiencia sobre la moto y con gran entusiasmo, nos propusimos planear un ambicioso viaje para el verano siguiente. El plan consist\u00eda en llegar a Salta en nuestro auto, alquilar nuevamente una moto en Moto Alquiler Salta y desde all\u00ed, dirigirnos a Humahuaca. Desde all\u00ed, transitar la ruta provincial Setenta y Tres para cruzar hacia Calilegua, pasando por Santa Ana, Valle Colorado, San Francisco. Luego retornar a la quebrada de Humahuaca, visitar Iruya y posteriormente introducirnos en la Puna para llegar a Cus\u00ed Cus\u00ed, Casabindo y otros parajes pune\u00f1os. Desde all\u00ed dirigirnos al sur por la RN40 para llegar a San Antonio de los Cobres, hacer noche all\u00ed y al d\u00eda siguiente llegar a Tolar Grande. Un delirio absoluto.<\/p>\n\n\n<div class=\"wp-block-image\">\n<figure class=\"aligncenter\"><img decoding=\"async\" src=\"http:\/\/maranghello.com.ar\/piloto\/wp-content\/uploads\/2020\/05\/image.png\" alt=\"\"\/><\/figure><\/div>\n\n\n<p class=\"has-medium-font-size\">Mientras escribo, me doy cuenta de la locura que ten\u00edamos en la cabeza, sobre todo yo. Claro que puesto en un mapa, las distancias no eran tan largas; hablamos de tramos de 160 a 200 kil\u00f3metros m\u00e1ximo por d\u00eda en caminos de monta\u00f1a.<\/p>\n\n\n\n<p class=\"has-medium-font-size\">Hasta este momento, nuestros viajes al NOA en verano, hab\u00edan sido beneficiados por buen tiempo, salvo una experiencia previa en el a\u00f1o 2008, donde tuvimos mucha lluvia en la provincia de Salta; pero los dem\u00e1s viajes nos hab\u00edan endulzado con tiempo seco. Error; grave error.<\/p>\n\n\n\n<p class=\"has-medium-font-size\">Aqu\u00ed vamos. Compr\u00e9 un bid\u00f3n de 8 litros de combustible, sabiendo que en algunos de esos tramos no tendr\u00eda otro modo de abastecerme de combustible. Punto para m\u00ed. Hombre previsor.<\/p>\n\n\n\n<p class=\"has-medium-font-size\">En cuanto a la ropa, segu\u00edamos sin contar con ropa adecuada; compramos pantalones de tracking livianos de secado r\u00e1pido; calzones t\u00e9rmicos largos y guantes.<\/p>\n\n\n\n<p class=\"has-medium-font-size\">Realic\u00e9 la reserva de la moto y el 12 de enero de 2013, partimos para Salta. Salimos temprano por la ma\u00f1ana y llegamos a la ciudad de Salta ca\u00edda la tarde. A unos 120 kil\u00f3metros de Salta, el compresor del aire acondicionado del auto, se clav\u00f3, recalentando la correa. Proced\u00ed a cortarla y as\u00ed llegamos a Salta.<\/p>\n\n\n\n<p class=\"has-medium-font-size\">Al d\u00eda siguiente, firmes frente a Moto Alquiler Salta. Carlos, como siempre, nos esperaba con la moto lista. Tras comentarle sobre el percance que hab\u00edamos tenido con el aire acondicionado del auto y pedirle informaci\u00f3n sobre alg\u00fan lugar donde llevar el auto, Carlos ofreci\u00f3 llevarlo \u00e9l para tenerlo listo al regresar de nuestro ambicioso viaje.<\/p>\n\n\n\n<p class=\"has-medium-font-size\">Mientras nos prepar\u00e1bamos, lleg\u00f3 una se\u00f1orita oriunda de Noruega. Carlos me pregunt\u00f3 si tendr\u00edamos alg\u00fan problema de llevarla con nosotros hasta Purmamarca, ya que viajaba sola y \u00e9l se sentir\u00eda m\u00e1s seguro si sal\u00eda de Salta con nosotros. Era una motocilista experimentada; al menos, ten\u00eda moto en su pa\u00eds, no como nosotros, claro.<\/p>\n\n\n\n<p class=\"has-medium-font-size\">Era un d\u00eda nublado, con ganas de llover. Cargamos todo en la moto y partimos. La idea era llegar a la Quebrada de Humahuaca por el camino de cornisa de la antigua RN9, unos 230 kil\u00f3metros.<\/p>\n\n\n\n<p><a href=\"http:\/\/maranghello.com.ar\/viajes\/index.php\/viajeros-temporada-2-2\/\">Cap\u00edtulo siguiente<\/a><\/p>\n","protected":false},"excerpt":{"rendered":"<p>Cap\u00edtulo 1, Viajemos en moto Pasada la primera experiencia sobre la moto y con gran entusiasmo, nos propusimos planear un ambicioso viaje para el verano siguiente. El plan consist\u00eda en llegar a Salta en nuestro auto, alquilar nuevamente una moto en Moto Alquiler Salta y desde all\u00ed, dirigirnos a Humahuaca. Desde all\u00ed, transitar la ruta &hellip; <\/p>\n<p class=\"link-more\"><a href=\"https:\/\/maranghello.com.ar\/viajes\/index.php\/viajeros-temporada-2\/\" class=\"more-link\">Segu\u00ed leyendo<span class=\"screen-reader-text\"> &#8220;Viajeros, Temporada 2, Cap\u00edtulo 1&#8221;<\/span><\/a><\/p>\n","protected":false},"author":1,"featured_media":0,"parent":0,"menu_order":0,"comment_status":"closed","ping_status":"closed","template":"","meta":{"footnotes":""},"class_list":["post-124","page","type-page","status-publish","hentry"],"_links":{"self":[{"href":"https:\/\/maranghello.com.ar\/viajes\/index.php\/wp-json\/wp\/v2\/pages\/124","targetHints":{"allow":["GET"]}}],"collection":[{"href":"https:\/\/maranghello.com.ar\/viajes\/index.php\/wp-json\/wp\/v2\/pages"}],"about":[{"href":"https:\/\/maranghello.com.ar\/viajes\/index.php\/wp-json\/wp\/v2\/types\/page"}],"author":[{"embeddable":true,"href":"https:\/\/maranghello.com.ar\/viajes\/index.php\/wp-json\/wp\/v2\/users\/1"}],"replies":[{"embeddable":true,"href":"https:\/\/maranghello.com.ar\/viajes\/index.php\/wp-json\/wp\/v2\/comments?post=124"}],"version-history":[{"count":5,"href":"https:\/\/maranghello.com.ar\/viajes\/index.php\/wp-json\/wp\/v2\/pages\/124\/revisions"}],"predecessor-version":[{"id":404,"href":"https:\/\/maranghello.com.ar\/viajes\/index.php\/wp-json\/wp\/v2\/pages\/124\/revisions\/404"}],"wp:attachment":[{"href":"https:\/\/maranghello.com.ar\/viajes\/index.php\/wp-json\/wp\/v2\/media?parent=124"}],"curies":[{"name":"wp","href":"https:\/\/api.w.org\/{rel}","templated":true}]}}