{"id":109,"date":"2020-05-04T10:40:35","date_gmt":"2020-05-04T13:40:35","guid":{"rendered":"http:\/\/maranghello.com.ar\/viajes\/?page_id=109"},"modified":"2023-05-13T16:06:53","modified_gmt":"2023-05-13T19:06:53","slug":"viajeros-temporada-1-5","status":"publish","type":"page","link":"https:\/\/maranghello.com.ar\/viajes\/index.php\/viajeros-temporada-1-5\/","title":{"rendered":"Viajeros, Temporada 1, Cap\u00edtulo 6"},"content":{"rendered":"\n<h2 class=\"wp-block-heading\">Cap\u00edtulo 6, Cachi<\/h2>\n\n\n\n<figure class=\"wp-block-audio\"><audio controls src=\"http:\/\/maranghello.com.ar\/viajes\/wp-content\/uploads\/2020\/05\/T1-Capitulo06.mp3\"><\/audio><\/figure>\n\n\n\n<p class=\"has-medium-font-size\">La llegada a Cachi es un espect\u00e1culo aparte. Aqu\u00ed tambi\u00e9n la RN40 hace una curva a noventa grados para apuntar directo al oeste con el Nevado de Cachi al fondo. Previo al ingreso al pueblo, el puente sobre el R\u00edo Calchaqu\u00ed. Es un pueblo colonial que parece detenido en el tiempo. Los muros de las casas y comercios son blancos, todos blancos.<\/p>\n\n\n\n<figure class=\"wp-block-image\"><img decoding=\"async\" src=\"http:\/\/maranghello.com.ar\/piloto\/wp-content\/uploads\/2020\/04\/DSC_7492-1024x681.jpg\" alt=\"\" class=\"wp-image-301\"\/><figcaption class=\"wp-element-caption\">Cachi<\/figcaption><\/figure>\n\n\n\n<p class=\"has-medium-font-size\">Solo rompe el silencio el motor de la moto; todo aqu\u00ed parece moverse despacio y en forma silenciosa. A 200 metros del puente est\u00e1 la plaza, la capilla, curiosamente pintada color amarillo suave y el museo con sus interminables arcos ovales y su galer\u00eda, todo en blanco. Pero no nos detenemos; hacemos unas cuadras y viramos a la derecha para cruzar el R\u00edo Cachi y tomar el camino que nos conducir\u00e1 a la zona agr\u00edcola donde se producen los pimientos. Es un recorrido de unos veinte kil\u00f3metros por caminos de ripio y piedra que serpentean por la base de los cerros bajos; \u00e9ste valle tiene forma alargada, se extiende de este a oeste y el camino circunda toda la extensi\u00f3n, formando una especie de \u00f3valo irregular que encierra en el medio un f\u00e9rtil valle atravesado por el r\u00edo Cachi. La altura del camino permite tener una visi\u00f3n panor\u00e1mica de todo el valle desde cualquier punto se pueden apreciar grandes manchones rojos: los campos de secado de pimientos.<\/p>\n\n\n\n<figure class=\"wp-block-image\"><img decoding=\"async\" src=\"http:\/\/maranghello.com.ar\/piloto\/wp-content\/uploads\/2020\/04\/DSC_7331-1024x681.jpg\" alt=\"\" class=\"wp-image-297\"\/><\/figure>\n\n\n\n<figure class=\"wp-block-image\"><img decoding=\"async\" src=\"http:\/\/maranghello.com.ar\/piloto\/wp-content\/uploads\/2020\/04\/DSC_7316-1024x681.jpg\" alt=\"\" class=\"wp-image-298\"\/><\/figure>\n\n\n\n<p><a href=\"http:\/\/maranghello.com.ar\/viajes\/index.php\/viajeros-temporada-1-6\/\">Cap\u00edtulo siguiente<\/a><\/p>\n","protected":false},"excerpt":{"rendered":"<p>Cap\u00edtulo 6, Cachi La llegada a Cachi es un espect\u00e1culo aparte. Aqu\u00ed tambi\u00e9n la RN40 hace una curva a noventa grados para apuntar directo al oeste con el Nevado de Cachi al fondo. Previo al ingreso al pueblo, el puente sobre el R\u00edo Calchaqu\u00ed. Es un pueblo colonial que parece detenido en el tiempo. Los &hellip; <\/p>\n<p class=\"link-more\"><a href=\"https:\/\/maranghello.com.ar\/viajes\/index.php\/viajeros-temporada-1-5\/\" class=\"more-link\">Segu\u00ed leyendo<span class=\"screen-reader-text\"> &#8220;Viajeros, Temporada 1, Cap\u00edtulo 6&#8221;<\/span><\/a><\/p>\n","protected":false},"author":1,"featured_media":0,"parent":0,"menu_order":0,"comment_status":"closed","ping_status":"closed","template":"","meta":{"footnotes":""},"class_list":["post-109","page","type-page","status-publish","hentry"],"_links":{"self":[{"href":"https:\/\/maranghello.com.ar\/viajes\/index.php\/wp-json\/wp\/v2\/pages\/109","targetHints":{"allow":["GET"]}}],"collection":[{"href":"https:\/\/maranghello.com.ar\/viajes\/index.php\/wp-json\/wp\/v2\/pages"}],"about":[{"href":"https:\/\/maranghello.com.ar\/viajes\/index.php\/wp-json\/wp\/v2\/types\/page"}],"author":[{"embeddable":true,"href":"https:\/\/maranghello.com.ar\/viajes\/index.php\/wp-json\/wp\/v2\/users\/1"}],"replies":[{"embeddable":true,"href":"https:\/\/maranghello.com.ar\/viajes\/index.php\/wp-json\/wp\/v2\/comments?post=109"}],"version-history":[{"count":7,"href":"https:\/\/maranghello.com.ar\/viajes\/index.php\/wp-json\/wp\/v2\/pages\/109\/revisions"}],"predecessor-version":[{"id":402,"href":"https:\/\/maranghello.com.ar\/viajes\/index.php\/wp-json\/wp\/v2\/pages\/109\/revisions\/402"}],"wp:attachment":[{"href":"https:\/\/maranghello.com.ar\/viajes\/index.php\/wp-json\/wp\/v2\/media?parent=109"}],"curies":[{"name":"wp","href":"https:\/\/api.w.org\/{rel}","templated":true}]}}