{"id":93,"date":"2020-01-14T17:04:57","date_gmt":"2020-01-14T20:04:57","guid":{"rendered":"http:\/\/maranghello.com.ar\/piloto\/?page_id=93"},"modified":"2025-12-04T17:08:31","modified_gmt":"2025-12-04T20:08:31","slug":"buenos-aires-i-2-de-mayo-de-1999","status":"publish","type":"page","link":"https:\/\/maranghello.com.ar\/piloto\/index.php\/buenos-aires-i-2-de-mayo-de-1999\/","title":{"rendered":"Buenos Aires I, 2 de Mayo de 1999"},"content":{"rendered":"\n<p class=\"has-medium-font-size\">Retornar a casa. En El G\u00e1lvez fue donde todo comenz\u00f3. Desde las primeras incursiones en el Gol Motor Show hasta el campeonato de F\u00f3rumla Tico el a\u00f1o anterior. Esta vez llegaba de otra manera; ahora iba a transitar por el circuito 9, el grande; hace el m\u00edtico Curv\u00f3n Salotto; la Chicana de Ascari y todo a otras velocidades. <\/p>\n\n\n\n<p class=\"has-medium-font-size\"><strong>Viernes 30 de Abril<\/strong><\/p>\n\n\n\n<p class=\"has-medium-font-size\">Recuerdo haberme cruzado con dos pilotos de la Tico con los que hab\u00eda corrido el a\u00f1o anterior. Alejandro L\u00f3pez, campe\u00f3n 98 de la Tico y Daniel Cunto, 3ro. en ese campeonto; con Daniel hab\u00edamos tenido un incidente bastante complicado y una discusi\u00f3n muy fuerte en boxes en una carrera, algo que tiempo despu\u00e9s supimos aclarar.<\/p>\n\n\n\n<p class=\"has-medium-font-size\">Recuerdo que ese encuentro fue gratificante para mi. Si bien not\u00e9 cierta distancia de L\u00f3pez, Daniel Cunto se mostr\u00f3 feliz de verme all\u00ed; hizo algunos comentarios sobre estar siguiendo mi campa\u00f1a. En un momento hablamos de Russo, otro piloto que estaba compitiendo en la monomarca Gol y contamos que segu\u00eda haciendo se\u00f1as a sus seguidores, algo que sol\u00eda hacer en la Tico; se trataba de se\u00f1as tendientes a tirar juntos, indicando momentos de frenadas, etc. Pero Daniel me mir\u00f3 y dijo \u00a8ah\u00ed arriba no ten\u00e9s tiempo de hacer ninguna se\u00f1a, no?\u00a8. Fue una muestra de respeto que valor\u00e9 mucho.<\/p>\n\n\n\n<p class=\"has-medium-font-size\">Nos dimos la mano con L\u00f3pez pero con Daniel nos dimos un abrazo.. <\/p>\n\n\n\n<p class=\"has-medium-font-size\"><strong>Primer entrenamiento<\/strong><\/p>\n\n\n\n<p class=\"has-medium-font-size\">Salir de los boxes arriba de un TC Pista en el G\u00e1lvez fue inolvidable. Para ese entonces estaba totalmente hermanado con El Chueco (el auto). A poco de andar ya me sent\u00eda en casa, a\u00fan transitando sectores que no conoc\u00eda; pero todo era disfrute. Recuerdo que el Chueco no entraba bien en la horquilla; barr\u00eda la trompa, pero hac\u00eda el curv\u00f3n Salotto como si fuera por v\u00edas de un tren, a la perfecci\u00f3n. A esta altura, mi copiloto Marisela se hab\u00eda bajado ya que su novio no la dejaba; sin comentarios. En esta carrera me aompa\u00f1o Atilio Frassinelli; un j\u00f3ven piloto cuya familia era amiga de los Oyhanart.<br>Don Frassinelli, el pap\u00e1 de atilio, se ubic\u00f3 en la curva uno durante la primera tanda de entrenamientos y desde all\u00ed me tomaba los parciales. <br>Finalizada la tanda y al llegar al box, Don Frassinelli se acerc\u00f3 y me dijo, \u00a8ten\u00e9s que hacer el curv\u00f3n a fondo\u00a8. Creo oportuno aclarar lo que significa esto para quienes no subieron nunca a un auto de carreras. El curv\u00f3n Salotto comienza al final de una recta de unos 800 metros; es una curva de radio variable que tambi\u00e9n mide unos 800 a 840 metros. Lo que me ped\u00eda Frassinelli era que al entrar al curv\u00f3n, no quite el pi\u00e9 del acelerador, es decir, que siga con el pedal a fondo. Hay que tener en cuenta, que a esa recta previa al curv\u00f3n, se ingresa a unos 80 km\/h, por lo que la velocidad de entrada al curv\u00f3n estar\u00eda en el orden de los 200 km\/h. Previo al curv\u00f3n (solo en Argentina) hab\u00eda un salto en el asfalto que desacomodaba bastante el auto.<br>Hay una an\u00e9cdota sobre esta situaci\u00f3n, la llam\u00e9 <a href=\"https:\/\/maranghello.com.ar\/piloto\/index.php\/2020\/01\/14\/el-mito-del-curvon-salotto\/\">\u00a8El Mito del Curv\u00f3n Salotto\u00a8<\/a><\/p>\n\n\n\n<p class=\"has-medium-font-size\">En la tercera vuelta hice el primer intento; sin levantar, encar\u00e9 el Salotto; la adrenalina a pleno. A medio curv\u00f3n, la cola ven\u00eda muy suelta; iba contravolanteando para mantener el radio; finalizando el curv\u00f3n, la trompa no obedec\u00eda y termin\u00e9 muy ancho en la entrada a la recta opuesta; pasamos por encima del ancho piano, cuando la trasera izquierda mordi\u00f3 la tierra; en ese momento, la cola nos pas\u00f3 y fuimos al pasto marcha atr\u00e1s, aproximadamente unos 100 metros. Enderec\u00e9 el auto y seguimos para encarar nuevamente la vuelta.<br>Volv\u00ed a entrar a fondo, as\u00ed como ven\u00eda desde la primer chicana, pero esta vez fui llev\u00e1ndolo por otro radio para poder salir bien armado a la recta opuesta, sin levantar el pi\u00e9 del acelerador; sali\u00f3 perfecto. La sensaci\u00f3n fue realmente incre\u00edble.<br>Al llegar al box, todo era euforia; Atilio estaba sacado! Yo estaba muy satisfecho y Don Frassinelli me felicitaba! Ten\u00eda parciales realmente excelentes en el curv\u00f3n; claro que penaba en la horquilla, pero lo importante era hacer esa diferencia all\u00ed. Si mal no recuerdo me ubiqu\u00e9 10mo. en la clasificaci\u00f3n general sobre unos 50 autos. <\/p>\n\n\n\n<p class=\"has-medium-font-size\">Mi viejo estaba en la terraza de boxes y desde all\u00ed tom\u00f3 este v\u00eddeo.<\/p>\n\n\n\n<figure class=\"wp-block-embed-youtube wp-block-embed is-type-video is-provider-youtube wp-embed-aspect-4-3 wp-has-aspect-ratio\"><div class=\"wp-block-embed__wrapper\">\n<div class=\"zak-oembed-container\"><iframe loading=\"lazy\" title=\"TC Pista, Recta principal del Aut\u00f3dromo de Buenos Aires\" width=\"812\" height=\"609\" src=\"https:\/\/www.youtube.com\/embed\/ZHqN_mNQPyE?feature=oembed\" frameborder=\"0\" allow=\"accelerometer; autoplay; encrypted-media; gyroscope; picture-in-picture\" allowfullscreen><\/iframe><\/div>\n<\/div><\/figure>\n\n\n\n<p class=\"has-medium-font-size\"><strong>Primera tanda de Clasificaci\u00f3n<\/strong><\/p>\n\n\n\n<p class=\"has-medium-font-size\">En la segunda vuelta, al entrar en la chicana al final de la recta, los neum\u00e1ticos fr\u00edos hicieron que fuera directo al piano externo; la trompa no obedeci\u00f3. Esta chicana se hab\u00eda construido para esta carrera para bajar la velocidad de la S del Sirvo donde normalmente se produc\u00edan muchos incidentes en las largadas de TC. El piano externo era muy alto y terminaba en forma abrupta generando un desnivel de unos 30 o 40 cent\u00edmetros; al no poder \u00a8embocar\u00a8 la trompa, decid\u00ed forzar la salida de pista en forma perpendicular al piano e ir directamente al pasto; de esta forma evitar\u00eda romper alg\u00fan elemento de la suspensi\u00f3n en ese desnivel. Pero \u00e9sto no fue gratis; el auto vol\u00f3 un poco; ca\u00edmos de trompa al pasto e hicimos dimos unos cuantos saltos hasta poder acomodar el auto para regresar a la pista.<\/p>\n\n\n\n<p class=\"has-medium-font-size\">No not\u00e9 nada raro; pero al llegar a los boxes, los tiempos eran mal\u00edsimos.  Estaba a dos segundos de mi compa\u00f1ero y a 4 segundos de la punta.<\/p>\n\n\n\n<p class=\"has-medium-font-size\"><strong>S\u00e1bado 1 de mayo.<\/strong><\/p>\n\n\n\n<p class=\"has-medium-font-size\">En los entrenamiento de la ma\u00f1ana no lograba bajar el tiempo. Comentando con el Vasco, \u00e9ste comenz\u00f3 a revisar el auto y al comprobar la alineaci\u00f3n, not\u00f3 que estaba muy abierto. Desarmaron la suspensi\u00f3n delantera y all\u00ed apareci\u00f3 el problema; dos bulones de las parrillas doblados producto de la salida de pista de en la chicana. <\/p>\n\n\n\n<p class=\"has-medium-font-size\"><strong>Segunda tanda de clasificaci\u00f3n.<\/strong><\/p>\n\n\n\n<p class=\"has-medium-font-size\">Logr\u00e9 bajar un segundo para ubicarme en el puesto 27 de la grilla, fila 14, a 8 d\u00e9cimas de mi compa\u00f1ero que ten\u00eda el auto dos generaciones m\u00e1s avanzado.<\/p>\n\n\n\n<h2 class=\"wp-block-heading\"><strong>Domingo, la carrera.<\/strong><\/h2>\n\n\n\n<p class=\"has-medium-font-size\">El aut\u00f3dromo estaba a pleno. Fue la primera vez que vi tanta gente estando del otro lado de las tribunas. En mi caso, ver esta cantidad de p\u00fablico era m\u00e1s un incentivo que una preocupaci\u00f3n y mucho menos presi\u00f3n. Estaba mi viejo en boxes y me tom\u00f3 esta foto mientras me acomodaba en el auto.<\/p>\n\n\n\n<figure class=\"wp-block-image alignwide size-large\"><img loading=\"lazy\" decoding=\"async\" width=\"366\" height=\"565\" src=\"https:\/\/maranghello.com.ar\/piloto\/wp-content\/uploads\/2020\/01\/c050202.jpg\" alt=\"\" class=\"wp-image-96\" srcset=\"https:\/\/maranghello.com.ar\/piloto\/wp-content\/uploads\/2020\/01\/c050202.jpg 366w, https:\/\/maranghello.com.ar\/piloto\/wp-content\/uploads\/2020\/01\/c050202-194x300.jpg 194w\" sizes=\"auto, (max-width: 366px) 100vw, 366px\" \/><\/figure>\n\n\n\n<figure class=\"wp-block-image alignwide size-large\"><img loading=\"lazy\" decoding=\"async\" width=\"1024\" height=\"619\" src=\"https:\/\/maranghello.com.ar\/piloto\/wp-content\/uploads\/2020\/01\/foto14.ajpg_-1024x619.jpg\" alt=\"\" class=\"wp-image-110\" srcset=\"https:\/\/maranghello.com.ar\/piloto\/wp-content\/uploads\/2020\/01\/foto14.ajpg_-1024x619.jpg 1024w, https:\/\/maranghello.com.ar\/piloto\/wp-content\/uploads\/2020\/01\/foto14.ajpg_-300x181.jpg 300w, https:\/\/maranghello.com.ar\/piloto\/wp-content\/uploads\/2020\/01\/foto14.ajpg_-768x464.jpg 768w, https:\/\/maranghello.com.ar\/piloto\/wp-content\/uploads\/2020\/01\/foto14.ajpg_-1536x929.jpg 1536w, https:\/\/maranghello.com.ar\/piloto\/wp-content\/uploads\/2020\/01\/foto14.ajpg_.jpg 1993w\" sizes=\"auto, (max-width: 1024px) 100vw, 1024px\" \/><figcaption>En la grilla, detr\u00e1s de mi compa\u00f1ero Peroni<\/figcaption><\/figure>\n\n\n\n<p class=\"has-medium-font-size\">Todo estaba listo y yo muy tranquilo. <\/p>\n\n\n\n<figure class=\"wp-block-image alignwide size-large\"><img loading=\"lazy\" decoding=\"async\" width=\"779\" height=\"576\" src=\"https:\/\/maranghello.com.ar\/piloto\/wp-content\/uploads\/2020\/01\/c02059901.jpg\" alt=\"\" class=\"wp-image-94\" srcset=\"https:\/\/maranghello.com.ar\/piloto\/wp-content\/uploads\/2020\/01\/c02059901.jpg 779w, https:\/\/maranghello.com.ar\/piloto\/wp-content\/uploads\/2020\/01\/c02059901-300x222.jpg 300w, https:\/\/maranghello.com.ar\/piloto\/wp-content\/uploads\/2020\/01\/c02059901-768x568.jpg 768w\" sizes=\"auto, (max-width: 779px) 100vw, 779px\" \/><figcaption>Vuelta previa a la largada<\/figcaption><\/figure>\n\n\n\n<p class=\"has-medium-font-size\">Luego de la vuelta con Pace Car, al entrar a la recta principal, no alcanzo a ver el sem\u00e1foro pero s\u00ed escucho el estruendo de los motores a pleno, por lo que planch\u00e9 el acelerador a fondo. La primera pasada se hac\u00eda por la S del Siervo y las dem\u00e1s vueltas por la maldita chicana. Todo fue ordenado. Pude superar al auto que me preced\u00eda y colocarme bien en la fila india detr\u00e1s de Peroni en el puesto 25. <\/p>\n\n\n\n<figure class=\"wp-block-embed-youtube wp-block-embed is-type-video is-provider-youtube wp-embed-aspect-4-3 wp-has-aspect-ratio\"><div class=\"wp-block-embed__wrapper\">\n<div class=\"zak-oembed-container\"><iframe loading=\"lazy\" title=\"Largade TC Pista 2 de Mayo de 1999\" width=\"812\" height=\"609\" src=\"https:\/\/www.youtube.com\/embed\/iX3MG_66wEo?feature=oembed\" frameborder=\"0\" allow=\"accelerometer; autoplay; encrypted-media; gyroscope; picture-in-picture\" allowfullscreen><\/iframe><\/div>\n<\/div><figcaption>Largada y S del Siervo. <\/figcaption><\/figure>\n\n\n\n<p class=\"has-medium-font-size\">En la segunda vuelta, Peroni hab\u00eda superado a Fancio y yo ya lo ten\u00eda a tiro.<\/p>\n\n\n\n<figure class=\"wp-block-embed-youtube wp-block-embed is-type-video is-provider-youtube wp-embed-aspect-4-3 wp-has-aspect-ratio\"><div class=\"wp-block-embed__wrapper\">\n<div class=\"zak-oembed-container\"><iframe loading=\"lazy\" title=\"Final TC Pista 1999, 2 de Mayo, G\u00e1lvez - 2da vuelta.\" width=\"812\" height=\"609\" src=\"https:\/\/www.youtube.com\/embed\/cu8PGSw569k?feature=oembed\" frameborder=\"0\" allow=\"accelerometer; autoplay; encrypted-media; gyroscope; picture-in-picture\" allowfullscreen><\/iframe><\/div>\n<\/div><figcaption>En la Chicana 1 detr\u00e1s de Fancio<\/figcaption><\/figure>\n\n\n\n<p class=\"has-medium-font-size\">Al cumplirse la 6ta. vuelta me encontraba en el puesto 15 detr\u00e1s de Peroni y Fancio. Luego de la recta corta que lleva al Salotto, Fancio estaba tratando de recuperar el puesto que hab\u00eda perdido con Peroni. Eso me dej\u00f3 la posibilidad de intentar el sobrepaso en el Salotto y por fui por la maniobra. Fancio entr\u00f3 abierto y yo busqu\u00e9 la cuerda interna ya que El Chueco doblaba como yo le ordenara. A mitad del curv\u00f3n, Fancio cerr\u00f3 su marcha buscando entrar cerrado a la recta opuesta; claramente no me vio. No tuve m\u00e1s alternativa que frenar para evitar un accidente de proporciones. El auto de Fancio roz\u00f3 mi trompa y mi auto se desacomod\u00f3, comenzando a zigzaguear la trompa; con varios contravolanteos, logr\u00e9 evitar el trompo, quedando completamente detenido y cruzado sobre el curv\u00f3n con el motor detenido. No creo haber podido resolver la maniobra de otra forma. Pasaron unos 20 autos sin impactarnos; creo que fue la mano de Dios.<\/p>\n\n\n\n<figure class=\"wp-block-embed-youtube wp-block-embed is-type-video is-provider-youtube wp-embed-aspect-4-3 wp-has-aspect-ratio\"><div class=\"wp-block-embed__wrapper\">\n<div class=\"zak-oembed-container\"><iframe loading=\"lazy\" title=\"TC Pista 1999, 2 de mayo 6ta vuelta\" width=\"812\" height=\"609\" src=\"https:\/\/www.youtube.com\/embed\/SApekPf2F7A?feature=oembed\" frameborder=\"0\" allow=\"accelerometer; autoplay; encrypted-media; gyroscope; picture-in-picture\" allowfullscreen><\/iframe><\/div>\n<\/div><\/figure>\n\n\n\n<p class=\"has-medium-font-size\">Aqu\u00ed la repetici\u00f3n de la maniobra.<\/p>\n\n\n\n<figure class=\"wp-block-embed-youtube wp-block-embed is-type-video is-provider-youtube wp-embed-aspect-4-3 wp-has-aspect-ratio\"><div class=\"wp-block-embed__wrapper\">\n<div class=\"zak-oembed-container\"><iframe loading=\"lazy\" title=\"TC Pista 1999, 2 de mayo, Repeticion trompo\" width=\"812\" height=\"609\" src=\"https:\/\/www.youtube.com\/embed\/K56-Ppggy6o?feature=oembed\" frameborder=\"0\" allow=\"accelerometer; autoplay; encrypted-media; gyroscope; picture-in-picture\" allowfullscreen><\/iframe><\/div>\n<\/div><\/figure>\n\n\n\n<p class=\"has-medium-font-size\">Puse en marcha el auto y retom\u00e9 la marcha. Estaba \u00faltimo. Luego de la adrenalina al m\u00e1ximo por el temor de haber recibido un impacto de otro auto, r\u00e1pidamente recuper\u00e9 la concentraci\u00f3n y el ritmo. Fuero 9 vueltas de puro placer. Creo que se transform\u00f3 en una de mis mejores actuaciones, al menos, la que m\u00e1s disfrut\u00e9. Desde el \u00faltimo puesto al puesto final 19. En el Salotto me hac\u00eda una fiesta pasando autos; incluso recuerdo haber pasado dos juntos en el mismo curv\u00f3n. Llegu\u00e9 a boxes muy feliz.<\/p>\n\n\n\n<figure class=\"wp-block-image alignwide size-large\"><img loading=\"lazy\" decoding=\"async\" width=\"710\" height=\"576\" src=\"https:\/\/maranghello.com.ar\/piloto\/wp-content\/uploads\/2020\/01\/c02059903.jpg\" alt=\"\" class=\"wp-image-95\" srcset=\"https:\/\/maranghello.com.ar\/piloto\/wp-content\/uploads\/2020\/01\/c02059903.jpg 710w, https:\/\/maranghello.com.ar\/piloto\/wp-content\/uploads\/2020\/01\/c02059903-300x243.jpg 300w\" sizes=\"auto, (max-width: 710px) 100vw, 710px\" \/><figcaption>Entrando a la recta principal.<\/figcaption><\/figure>\n\n\n\n<figure class=\"wp-block-image alignwide size-large\"><img loading=\"lazy\" decoding=\"async\" width=\"608\" height=\"1024\" src=\"https:\/\/maranghello.com.ar\/piloto\/wp-content\/uploads\/2020\/01\/foto16a-608x1024.jpg\" alt=\"\" class=\"wp-image-196\" srcset=\"https:\/\/maranghello.com.ar\/piloto\/wp-content\/uploads\/2020\/01\/foto16a-608x1024.jpg 608w, https:\/\/maranghello.com.ar\/piloto\/wp-content\/uploads\/2020\/01\/foto16a-178x300.jpg 178w, https:\/\/maranghello.com.ar\/piloto\/wp-content\/uploads\/2020\/01\/foto16a.jpg 619w\" sizes=\"auto, (max-width: 608px) 100vw, 608px\" \/><figcaption>Aqu\u00ed vengo por la calle interna de boxes empujando el auto. No lo recomiendo despu\u00e9s de una carrera, casi me desmayo!<\/figcaption><\/figure>\n\n\n\n<figure class=\"wp-block-image alignwide size-large\"><img loading=\"lazy\" decoding=\"async\" width=\"1024\" height=\"787\" src=\"https:\/\/maranghello.com.ar\/piloto\/wp-content\/uploads\/2020\/01\/foto16-1024x787.jpg\" alt=\"\" class=\"wp-image-197\" srcset=\"https:\/\/maranghello.com.ar\/piloto\/wp-content\/uploads\/2020\/01\/foto16-1024x787.jpg 1024w, https:\/\/maranghello.com.ar\/piloto\/wp-content\/uploads\/2020\/01\/foto16-300x231.jpg 300w, https:\/\/maranghello.com.ar\/piloto\/wp-content\/uploads\/2020\/01\/foto16-768x590.jpg 768w, https:\/\/maranghello.com.ar\/piloto\/wp-content\/uploads\/2020\/01\/foto16-1536x1181.jpg 1536w, https:\/\/maranghello.com.ar\/piloto\/wp-content\/uploads\/2020\/01\/foto16-2048x1574.jpg 2048w\" sizes=\"auto, (max-width: 1024px) 100vw, 1024px\" \/><figcaption>Mi viejo de espaldas con la remera blanca.<\/figcaption><\/figure>\n\n\n\n<figure class=\"wp-block-image alignwide size-large\"><img loading=\"lazy\" decoding=\"async\" width=\"1024\" height=\"715\" src=\"https:\/\/maranghello.com.ar\/piloto\/wp-content\/uploads\/2020\/01\/foto17a-1024x715.jpg\" alt=\"\" class=\"wp-image-200\" srcset=\"https:\/\/maranghello.com.ar\/piloto\/wp-content\/uploads\/2020\/01\/foto17a-1024x715.jpg 1024w, https:\/\/maranghello.com.ar\/piloto\/wp-content\/uploads\/2020\/01\/foto17a-300x209.jpg 300w, https:\/\/maranghello.com.ar\/piloto\/wp-content\/uploads\/2020\/01\/foto17a-768x536.jpg 768w, https:\/\/maranghello.com.ar\/piloto\/wp-content\/uploads\/2020\/01\/foto17a-1536x1073.jpg 1536w, https:\/\/maranghello.com.ar\/piloto\/wp-content\/uploads\/2020\/01\/foto17a-2048x1430.jpg 2048w\" sizes=\"auto, (max-width: 1024px) 100vw, 1024px\" \/><figcaption>Ya en el box, escuchando al Vasco que estaba bastante enojado por la maniobra de Fancio; si mal no recuredo, dijo: \u00a8sab\u00e9s qu\u00e9 Maranga?, lo tendr\u00edas que haber tirado a la mierda\u00a8.<\/figcaption><\/figure>\n\n\n\n<p><\/p>\n","protected":false},"excerpt":{"rendered":"<p>Retornar a casa. En El G\u00e1lvez fue donde todo comenz\u00f3. Desde las primeras incursiones en el Gol Motor Show hasta el campeonato de F\u00f3rumla Tico el a\u00f1o anterior. Esta vez llegaba de otra manera; ahora iba a transitar por el circuito 9, el grande; hace el m\u00edtico Curv\u00f3n Salotto; la Chicana de Ascari y todo [&hellip;]<\/p>\n","protected":false},"author":1,"featured_media":0,"parent":0,"menu_order":7,"comment_status":"closed","ping_status":"closed","template":"","meta":{"footnotes":""},"class_list":["post-93","page","type-page","status-publish","hentry"],"_links":{"self":[{"href":"https:\/\/maranghello.com.ar\/piloto\/index.php\/wp-json\/wp\/v2\/pages\/93","targetHints":{"allow":["GET"]}}],"collection":[{"href":"https:\/\/maranghello.com.ar\/piloto\/index.php\/wp-json\/wp\/v2\/pages"}],"about":[{"href":"https:\/\/maranghello.com.ar\/piloto\/index.php\/wp-json\/wp\/v2\/types\/page"}],"author":[{"embeddable":true,"href":"https:\/\/maranghello.com.ar\/piloto\/index.php\/wp-json\/wp\/v2\/users\/1"}],"replies":[{"embeddable":true,"href":"https:\/\/maranghello.com.ar\/piloto\/index.php\/wp-json\/wp\/v2\/comments?post=93"}],"version-history":[{"count":9,"href":"https:\/\/maranghello.com.ar\/piloto\/index.php\/wp-json\/wp\/v2\/pages\/93\/revisions"}],"predecessor-version":[{"id":203,"href":"https:\/\/maranghello.com.ar\/piloto\/index.php\/wp-json\/wp\/v2\/pages\/93\/revisions\/203"}],"wp:attachment":[{"href":"https:\/\/maranghello.com.ar\/piloto\/index.php\/wp-json\/wp\/v2\/media?parent=93"}],"curies":[{"name":"wp","href":"https:\/\/api.w.org\/{rel}","templated":true}]}}