{"id":50,"date":"2020-01-14T15:58:34","date_gmt":"2020-01-14T18:58:34","guid":{"rendered":"http:\/\/maranghello.com.ar\/piloto\/?page_id=50"},"modified":"2024-12-05T18:17:54","modified_gmt":"2024-12-05T21:17:54","slug":"tc-pista-1999","status":"publish","type":"page","link":"https:\/\/maranghello.com.ar\/piloto\/index.php\/tc-pista-1999\/","title":{"rendered":"TC Pista 1999"},"content":{"rendered":"\n<p class=\"has-drop-cap has-medium-font-size\">Corr\u00eda diciembre de 1998, hab\u00eda culminado el campeonato de la <a href=\"https:\/\/maranghello.com.ar\/piloto\/index.php\/1998-formula-tico\/\" data-type=\"page\" data-id=\"452\">F\u00f3rmula Tico<\/a>, categor\u00eda monomarca promocional en la que hab\u00eda participado durante ese a\u00f1o, finalizando d\u00e9cimo en el campeonato. Mientras buscaba sponsors para tratar de avanzar a una categor\u00eda superior, Alejandro Peroni, colega que conoc\u00ed ese a\u00f1o y con quien terminamos trabando amistad, me comenta que probar\u00eda un TC Pista del equipo del Vasco Oyhanart en el aut\u00f3dromo de La Plata y me propone que lo acompa\u00f1e a la prueba. Previamente, acordamos encontrarnos en el taller del Vasco en Pilar.<\/p>\n\n\n\n<p class=\"has-medium-font-size\">Durante mi adolescencia, segu\u00eda atentamente la carrera del Vasco al que siempre consider\u00e9 un GRANDE de verdad; preparador y piloto de Ford.<\/p>\n\n\n\n<p class=\"has-medium-font-size\">Recuerdo llegar al taller del Vasco antes que Alejandro; me present\u00e9 y les coment\u00e9 que lo acompa\u00f1ar\u00eda a la prueba, que te tal vez sea su acompa\u00f1ante y ah\u00ed estaba el Vasco, armando un motor. Hombre de pocas palabras, me salud\u00f3 y sigui\u00f3 con su trabajo. Luego me pregunt\u00f3 en qu\u00e9 corr\u00eda y con un poco de verg\u00fcenza contest\u00e9; estaba frente a un grande y yo ven\u00eda de los Tico. Me encontraba como un ni\u00f1o en una jugueter\u00eda; miraba el auto que probar\u00eda Alejandro y dos m\u00e1s que estaban en el taller; sent\u00eda como que jam\u00e1s podr\u00eda dar ese salto. Cuando lleg\u00f3 Alejandro, me coment\u00f3 que hab\u00eda otro auto disponible para m\u00ed, pero no me ilusion\u00e9, no sent\u00eda estar a la altura.<\/p>\n\n\n\n<p class=\"has-medium-font-size\">A los pocos d\u00edas nos encontramos en el Aut\u00f3dromo de La Plata para la prueba. Primeo sali\u00f3 Alejandro con Mariano Oyhanart. Luego de unas vueltas, sub\u00ed y sal\u00ed como acompa\u00f1ante. La sensaci\u00f3n que sent\u00eda era contradictoria; adrenalina y mareos; es que soy de esos que se marean en las monta\u00f1as rusas, aunque no por eso dejo de subir. El curv\u00f3n era la peor parte; es muy raro no saber cuando el piloto va a doblar y cuando preparar el cuello para que no salga la cabeza volando por la ventana con casco y todo; as\u00ed se siente.<\/p>\n\n\n\n<p class=\"has-medium-font-size\">Terminada la prueba, Ale me dice, \u00a8yo s\u00e9 que vos pod\u00e9s andar mejor que yo&#8230;, hablale al Vasco\u00a8. Tom\u00e9 coraje, me acerqu\u00e9 y como siempre fui con la verdad&#8230;<br>&#8211; Vasco, sab\u00e9s que no puedo ir de acompa\u00f1ante&#8230; me mareo&#8230;<br>Me mir\u00f3 y dijo, \u00a8Yo tambi\u00e9n!\u00a8<\/p>\n\n\n\n<p class=\"has-medium-font-size\">Eso me dio pie y le pregunt\u00e9, \u00a8ten\u00e9s otro auto?\u00a8<br>&#8211; S\u00ed! claro&#8230;<\/p>\n\n\n\n<h2 class=\"wp-block-heading\">Primeras pruebas<\/h2>\n\n\n\n<p class=\"has-medium-font-size\">As\u00ed fue que el 26 de diciembre de 1998 el equipo se traslad\u00f3 de Pilar a La Plata para llevarme al \u00a8Chueco\u00a8, auto que otrora hab\u00eda corrido el Vasco y que hab\u00eda quedado bacante, un auto con un chasis desactualizado, pero con motores del Vasco. Siendo que para esa fecha no hab\u00eda muchas notas de automovilismo, llam\u00e9 a Carburando para avisar que Oyhanart presentar\u00eda a su nuevo equipo.<\/p>\n\n\n\n<figure class=\"wp-block-image size-large\"><img loading=\"lazy\" decoding=\"async\" width=\"1024\" height=\"672\" src=\"https:\/\/maranghello.com.ar\/piloto\/wp-content\/uploads\/2020\/01\/foto01-1024x672.jpg\" alt=\"\" class=\"wp-image-55\" srcset=\"https:\/\/maranghello.com.ar\/piloto\/wp-content\/uploads\/2020\/01\/foto01-1024x672.jpg 1024w, https:\/\/maranghello.com.ar\/piloto\/wp-content\/uploads\/2020\/01\/foto01-300x197.jpg 300w, https:\/\/maranghello.com.ar\/piloto\/wp-content\/uploads\/2020\/01\/foto01-768x504.jpg 768w, https:\/\/maranghello.com.ar\/piloto\/wp-content\/uploads\/2020\/01\/foto01-1536x1008.jpg 1536w, https:\/\/maranghello.com.ar\/piloto\/wp-content\/uploads\/2020\/01\/foto01.jpg 1699w\" sizes=\"auto, (max-width: 1024px) 100vw, 1024px\" \/><\/figure>\n\n\n\n<p class=\"has-medium-font-size\">Llegamos a La Plata y se larg\u00f3 a llover, t\u00edpica tormenta de verano. Esperamos un rato a que pare mientras acomodaban el auto. Me subo pero la butaca me quedaba muy adelante; pero el Vasco me dice, \u00a8sal\u00ed ahora que par\u00f3\u00a8; no me di\u00f3 tiempo a nada, solo me dijo, \u00a8and\u00e1 de menor a mayor y trat\u00e1 de no irte afuera que est\u00e1 todo embarrado\u00a8. Y sal\u00ed. No hay auto m\u00e1s arisco para manejar que un TC, al menos en esa \u00e9poca. Circular por boxes a baja velocidad es ir en un constante tiron\u00e9o; al entrar a la pista, todo se empareja; fui acelerando de a poco, 2\u00b0., 3\u00b0 y 4\u00b0 para bajar a 3\u00b0 al entrar al curv\u00f3n&#8230; lo transit\u00e9 despacio y al tomar la rectita opuesta, lo planch\u00e9. A la entrada al \u00a8mixter\u00edo\u00a8, pas\u00e9 por un charco de agua y fuimos a parar al pasto, haciendo un trompo completo; Alejandro me acompa\u00f1aba y me hac\u00eda un gesto de tranquilidad. <\/p>\n\n\n\n<figure class=\"wp-block-image size-large\"><img loading=\"lazy\" decoding=\"async\" width=\"1024\" height=\"798\" src=\"https:\/\/maranghello.com.ar\/piloto\/wp-content\/uploads\/2020\/01\/foto03c-1024x798.jpg\" alt=\"\" class=\"wp-image-176\" srcset=\"https:\/\/maranghello.com.ar\/piloto\/wp-content\/uploads\/2020\/01\/foto03c-1024x798.jpg 1024w, https:\/\/maranghello.com.ar\/piloto\/wp-content\/uploads\/2020\/01\/foto03c-300x234.jpg 300w, https:\/\/maranghello.com.ar\/piloto\/wp-content\/uploads\/2020\/01\/foto03c-768x598.jpg 768w, https:\/\/maranghello.com.ar\/piloto\/wp-content\/uploads\/2020\/01\/foto03c-1536x1197.jpg 1536w, https:\/\/maranghello.com.ar\/piloto\/wp-content\/uploads\/2020\/01\/foto03c-2048x1596.jpg 2048w\" sizes=\"auto, (max-width: 1024px) 100vw, 1024px\" \/><figcaption class=\"wp-element-caption\">El Vasco tomando tiempos y observando.<\/figcaption><\/figure>\n\n\n\n<p class=\"has-medium-font-size\">Volv\u00ed a la pista y complet\u00e9 la vuelta, entrando a la recta principal en 2\u00b0 y a fondo; al llegar al curv\u00f3n, baj\u00e9 a 3\u00b0 y ya era m\u00edo. Al volver a pasar por la recta, el Vasco nos hizo se\u00f1a para que entremos a boxes; aprovech\u00e9 para pisar los charcos que hab\u00eda a\u00fan en la pista a baja velocidad para tratar de sacar el agua.<\/p>\n\n\n\n<p class=\"has-medium-font-size\">Al llegar a boxes, no me quer\u00eda bajar; pero deb\u00ed hacerlo para que acomoden la butaca y hacer algunos ajustes.<\/p>\n\n\n\n<figure class=\"wp-block-image size-large\"><img loading=\"lazy\" decoding=\"async\" width=\"1024\" height=\"811\" src=\"https:\/\/maranghello.com.ar\/piloto\/wp-content\/uploads\/2020\/01\/foto01b-1024x811.jpg\" alt=\"\" class=\"wp-image-53\" srcset=\"https:\/\/maranghello.com.ar\/piloto\/wp-content\/uploads\/2020\/01\/foto01b-1024x811.jpg 1024w, https:\/\/maranghello.com.ar\/piloto\/wp-content\/uploads\/2020\/01\/foto01b-300x238.jpg 300w, https:\/\/maranghello.com.ar\/piloto\/wp-content\/uploads\/2020\/01\/foto01b-768x608.jpg 768w, https:\/\/maranghello.com.ar\/piloto\/wp-content\/uploads\/2020\/01\/foto01b-1536x1216.jpg 1536w, https:\/\/maranghello.com.ar\/piloto\/wp-content\/uploads\/2020\/01\/foto01b-2048x1621.jpg 2048w\" sizes=\"auto, (max-width: 1024px) 100vw, 1024px\" \/><figcaption class=\"wp-element-caption\">Recibiendo instrucciones del Vasco mientras Roberto (remera azul) observa.<\/figcaption><\/figure>\n\n\n\n<p class=\"has-medium-font-size\">Volv\u00ed a salir y a pocas vueltas m\u00e1s, logr\u00e9 sentir que auto y piloto eramos una sola cosa; lo disfrut\u00e9 tremendamente, siento el sonido a\u00fan y de hecho por mi inexperiencia, no llev\u00e9 tapones para los oidos; qued\u00e9 tres d\u00edas sordo, literalmente hablando.<\/p>\n\n\n\n<figure class=\"wp-block-image aligncenter size-large\"><img loading=\"lazy\" decoding=\"async\" width=\"235\" height=\"542\" src=\"https:\/\/maranghello.com.ar\/piloto\/wp-content\/uploads\/2020\/01\/chueco2-1.jpg\" alt=\"tcpista01.jpg (48545 bytes)\" class=\"wp-image-80\" srcset=\"https:\/\/maranghello.com.ar\/piloto\/wp-content\/uploads\/2020\/01\/chueco2-1.jpg 235w, https:\/\/maranghello.com.ar\/piloto\/wp-content\/uploads\/2020\/01\/chueco2-1-130x300.jpg 130w\" sizes=\"auto, (max-width: 235px) 100vw, 235px\" \/><figcaption class=\"wp-element-caption\">Conversando con Peroni y el Turco Al\u00ed (Q.N.P.D.)<\/figcaption><\/figure>\n\n\n\n<p class=\"has-medium-font-size\">Terminada la prueba, las caras eran de alegr\u00eda y los tiempos mejores a lo esperado por el equipo. Logar 1\u00b4:40\u00a8 ser\u00eda lo adecuado pero pude hacer 1\u00b4:39\u00a8.<\/p>\n\n\n\n<figure class=\"wp-block-embed is-type-video is-provider-youtube wp-block-embed-youtube wp-embed-aspect-4-3 wp-has-aspect-ratio\"><div class=\"wp-block-embed__wrapper\">\n<div class=\"zak-oembed-container\"><iframe loading=\"lazy\" title=\"Mi primera nota en Carburando\" width=\"812\" height=\"609\" src=\"https:\/\/www.youtube.com\/embed\/Pqdy_BAIIn0?feature=oembed\" frameborder=\"0\" allow=\"accelerometer; autoplay; encrypted-media; gyroscope; picture-in-picture\" allowfullscreen><\/iframe><\/div>\n<\/div><figcaption class=\"wp-element-caption\">Nota Carburando, programa Sprint 030<\/figcaption><\/figure>\n\n\n\n<p>Foto de aquel momento tomada por&nbsp;Ale Hebe Maranghello.<\/p>\n\n\n\n<figure class=\"wp-block-image size-large\"><img loading=\"lazy\" decoding=\"async\" width=\"1024\" height=\"737\" src=\"https:\/\/maranghello.com.ar\/piloto\/wp-content\/uploads\/2020\/01\/foto04-1024x737.jpg\" alt=\"\" class=\"wp-image-175\" srcset=\"https:\/\/maranghello.com.ar\/piloto\/wp-content\/uploads\/2020\/01\/foto04-1024x737.jpg 1024w, https:\/\/maranghello.com.ar\/piloto\/wp-content\/uploads\/2020\/01\/foto04-300x216.jpg 300w, https:\/\/maranghello.com.ar\/piloto\/wp-content\/uploads\/2020\/01\/foto04-768x552.jpg 768w, https:\/\/maranghello.com.ar\/piloto\/wp-content\/uploads\/2020\/01\/foto04-1536x1105.jpg 1536w, https:\/\/maranghello.com.ar\/piloto\/wp-content\/uploads\/2020\/01\/foto04-2048x1473.jpg 2048w\" sizes=\"auto, (max-width: 1024px) 100vw, 1024px\" \/><figcaption class=\"wp-element-caption\">La hinchada<\/figcaption><\/figure>\n\n\n\n<figure class=\"wp-block-image size-large\"><img loading=\"lazy\" decoding=\"async\" width=\"573\" height=\"1024\" src=\"https:\/\/maranghello.com.ar\/piloto\/wp-content\/uploads\/2020\/01\/img009-573x1024.jpg\" alt=\"\" class=\"wp-image-265\" srcset=\"https:\/\/maranghello.com.ar\/piloto\/wp-content\/uploads\/2020\/01\/img009-573x1024.jpg 573w, https:\/\/maranghello.com.ar\/piloto\/wp-content\/uploads\/2020\/01\/img009-168x300.jpg 168w, https:\/\/maranghello.com.ar\/piloto\/wp-content\/uploads\/2020\/01\/img009-768x1373.jpg 768w, https:\/\/maranghello.com.ar\/piloto\/wp-content\/uploads\/2020\/01\/img009-859x1536.jpg 859w, https:\/\/maranghello.com.ar\/piloto\/wp-content\/uploads\/2020\/01\/img009.jpg 1057w\" sizes=\"auto, (max-width: 573px) 100vw, 573px\" \/><figcaption class=\"wp-element-caption\">Diario Heraldo del Oeste<\/figcaption><\/figure>\n\n\n\n<p><\/p>\n","protected":false},"excerpt":{"rendered":"<p>Corr\u00eda diciembre de 1998, hab\u00eda culminado el campeonato de la F\u00f3rmula Tico, categor\u00eda monomarca promocional en la que hab\u00eda participado durante ese a\u00f1o, finalizando d\u00e9cimo en el campeonato. Mientras buscaba sponsors para tratar de avanzar a una categor\u00eda superior, Alejandro Peroni, colega que conoc\u00ed ese a\u00f1o y con quien terminamos trabando amistad, me comenta que [&hellip;]<\/p>\n","protected":false},"author":1,"featured_media":0,"parent":0,"menu_order":0,"comment_status":"closed","ping_status":"closed","template":"","meta":{"footnotes":""},"class_list":["post-50","page","type-page","status-publish","hentry"],"_links":{"self":[{"href":"https:\/\/maranghello.com.ar\/piloto\/index.php\/wp-json\/wp\/v2\/pages\/50","targetHints":{"allow":["GET"]}}],"collection":[{"href":"https:\/\/maranghello.com.ar\/piloto\/index.php\/wp-json\/wp\/v2\/pages"}],"about":[{"href":"https:\/\/maranghello.com.ar\/piloto\/index.php\/wp-json\/wp\/v2\/types\/page"}],"author":[{"embeddable":true,"href":"https:\/\/maranghello.com.ar\/piloto\/index.php\/wp-json\/wp\/v2\/users\/1"}],"replies":[{"embeddable":true,"href":"https:\/\/maranghello.com.ar\/piloto\/index.php\/wp-json\/wp\/v2\/comments?post=50"}],"version-history":[{"count":10,"href":"https:\/\/maranghello.com.ar\/piloto\/index.php\/wp-json\/wp\/v2\/pages\/50\/revisions"}],"predecessor-version":[{"id":459,"href":"https:\/\/maranghello.com.ar\/piloto\/index.php\/wp-json\/wp\/v2\/pages\/50\/revisions\/459"}],"wp:attachment":[{"href":"https:\/\/maranghello.com.ar\/piloto\/index.php\/wp-json\/wp\/v2\/media?parent=50"}],"curies":[{"name":"wp","href":"https:\/\/api.w.org\/{rel}","templated":true}]}}