{"id":243,"date":"2020-01-20T15:50:52","date_gmt":"2020-01-20T18:50:52","guid":{"rendered":"http:\/\/maranghello.com.ar\/piloto\/?page_id=243"},"modified":"2020-01-20T15:58:52","modified_gmt":"2020-01-20T18:58:52","slug":"no-se-apago","status":"publish","type":"page","link":"https:\/\/maranghello.com.ar\/piloto\/index.php\/no-se-apago\/","title":{"rendered":"No se apag\u00f3"},"content":{"rendered":"\n<p class=\"has-medium-font-size\">Ahora, la moto.<\/p>\n\n\n\n<p class=\"has-medium-font-size\">Qu\u00e9 es de mi vida hoy? Se termina la pas\u00f3n?. De ning\u00fan modo. Si bien estoy alejado del automovilismo, encontr\u00e9 otra forma de mantener viva la pasi\u00f3n. No corro con nadie, solo viajo y evito las zonas de confort. <\/p>\n\n\n\n<figure class=\"wp-block-embed-youtube wp-block-embed is-type-video is-provider-youtube wp-embed-aspect-16-9 wp-has-aspect-ratio\"><div class=\"wp-block-embed__wrapper\">\n<div class=\"zak-oembed-container\"><iframe loading=\"lazy\" title=\"KLR 650 Big Bore 705 cc y Escape R72\" width=\"812\" height=\"457\" src=\"https:\/\/www.youtube.com\/embed\/5Qc_v7Y5Ym8?feature=oembed\" frameborder=\"0\" allow=\"accelerometer; autoplay; encrypted-media; gyroscope; picture-in-picture\" allowfullscreen><\/iframe><\/div>\n<\/div><\/figure>\n\n\n\n<figure class=\"wp-block-embed-youtube wp-block-embed is-type-video is-provider-youtube wp-embed-aspect-16-9 wp-has-aspect-ratio\"><div class=\"wp-block-embed__wrapper\">\n<div class=\"zak-oembed-container\"><iframe loading=\"lazy\" title=\"Acay BackStage\" width=\"812\" height=\"457\" src=\"https:\/\/www.youtube.com\/embed\/fxM6KuvyU7w?feature=oembed\" frameborder=\"0\" allow=\"accelerometer; autoplay; encrypted-media; gyroscope; picture-in-picture\" allowfullscreen><\/iframe><\/div>\n<\/div><\/figure>\n\n\n\n<figure class=\"wp-block-image size-large\"><img loading=\"lazy\" decoding=\"async\" width=\"1024\" height=\"619\" src=\"https:\/\/maranghello.com.ar\/piloto\/wp-content\/uploads\/2020\/01\/RutaFrenteBest-1024x619.jpg\" alt=\"\" class=\"wp-image-244\" srcset=\"https:\/\/maranghello.com.ar\/piloto\/wp-content\/uploads\/2020\/01\/RutaFrenteBest-1024x619.jpg 1024w, https:\/\/maranghello.com.ar\/piloto\/wp-content\/uploads\/2020\/01\/RutaFrenteBest-300x181.jpg 300w, https:\/\/maranghello.com.ar\/piloto\/wp-content\/uploads\/2020\/01\/RutaFrenteBest-768x465.jpg 768w, https:\/\/maranghello.com.ar\/piloto\/wp-content\/uploads\/2020\/01\/RutaFrenteBest-1536x929.jpg 1536w, https:\/\/maranghello.com.ar\/piloto\/wp-content\/uploads\/2020\/01\/RutaFrenteBest-2048x1239.jpg 2048w\" sizes=\"auto, (max-width: 1024px) 100vw, 1024px\" \/><\/figure>\n","protected":false},"excerpt":{"rendered":"<p>Ahora, la moto. Qu\u00e9 es de mi vida hoy? Se termina la pas\u00f3n?. De ning\u00fan modo. Si bien estoy alejado del automovilismo, encontr\u00e9 otra forma de mantener viva la pasi\u00f3n. No corro con nadie, solo viajo y evito las zonas de confort.<\/p>\n","protected":false},"author":1,"featured_media":0,"parent":0,"menu_order":0,"comment_status":"closed","ping_status":"closed","template":"","meta":{"footnotes":""},"class_list":["post-243","page","type-page","status-publish","hentry"],"_links":{"self":[{"href":"https:\/\/maranghello.com.ar\/piloto\/index.php\/wp-json\/wp\/v2\/pages\/243","targetHints":{"allow":["GET"]}}],"collection":[{"href":"https:\/\/maranghello.com.ar\/piloto\/index.php\/wp-json\/wp\/v2\/pages"}],"about":[{"href":"https:\/\/maranghello.com.ar\/piloto\/index.php\/wp-json\/wp\/v2\/types\/page"}],"author":[{"embeddable":true,"href":"https:\/\/maranghello.com.ar\/piloto\/index.php\/wp-json\/wp\/v2\/users\/1"}],"replies":[{"embeddable":true,"href":"https:\/\/maranghello.com.ar\/piloto\/index.php\/wp-json\/wp\/v2\/comments?post=243"}],"version-history":[{"count":2,"href":"https:\/\/maranghello.com.ar\/piloto\/index.php\/wp-json\/wp\/v2\/pages\/243\/revisions"}],"predecessor-version":[{"id":253,"href":"https:\/\/maranghello.com.ar\/piloto\/index.php\/wp-json\/wp\/v2\/pages\/243\/revisions\/253"}],"wp:attachment":[{"href":"https:\/\/maranghello.com.ar\/piloto\/index.php\/wp-json\/wp\/v2\/media?parent=243"}],"curies":[{"name":"wp","href":"https:\/\/api.w.org\/{rel}","templated":true}]}}