{"id":12,"date":"2020-01-14T12:12:50","date_gmt":"2020-01-14T15:12:50","guid":{"rendered":"http:\/\/maranghello.com.ar\/piloto\/?page_id=12"},"modified":"2025-05-30T11:04:14","modified_gmt":"2025-05-30T14:04:14","slug":"el-nuevo-umoma-abre-sus-puertas-2","status":"publish","type":"page","link":"https:\/\/maranghello.com.ar\/piloto\/","title":{"rendered":"Edgardo Maranghello"},"content":{"rendered":"\n<div class=\"wp-block-group alignwide is-layout-flow wp-block-group-is-layout-flow\">\n<h2 class=\"wp-block-heading has-text-align-center\">Sitio oficial del ex piloto de automovilismo<\/h2>\n\n\n\n<p><\/p>\n<\/div>\n\n\n\n<h2 class=\"wp-block-heading has-medium-font-size\">\u00a1Hola y bienvenido a mi sitio oficial! Sum\u00e9rgete en mi apasionante viaje a trav\u00e9s del mundo del automovilismo nacional, donde las emociones y las experiencias inolvidables se entrelazan en cada curva de mi carrera.<\/h2>\n\n\n\n<p>Mi traves\u00eda comenz\u00f3 en 1997 como piloto amateur en el emocionante Gol Motor Show, y desde entonces, he vivido momentos inolvidables que quiero compartir contigo. En 1998, me aventur\u00e9 en la F\u00f3rmula Tico, transitando luego al desafiante TC Pista en 1999 y participaci\u00f3n en la antigua Top Race en el 2000.<\/p>\n\n\n\n<p>En este espacio, encontrar\u00e1s no solo fotograf\u00edas que capturan la intensidad de las pistas, sino tambi\u00e9n historias detalladas que te sumergir\u00e1n en cada giro, cada adelantamiento y cada logro que ha marcado mi trayectoria en el automovilismo.<\/p>\n\n\n\n<p>Te invito a explorar las p\u00e1ginas de mi historia, donde cada cap\u00edtulo revela mi pasi\u00f3n por la velocidad y el inquebrantable v\u00ednculo con el mundo de las carreras. \u00bfListo para embarcarte en este apasionante recorrido? \u00a1Acomp\u00e1\u00f1ame y descubre el emocionante universo del automovilismo a trav\u00e9s de mis vivencias! <a href=\"https:\/\/maranghello.com.ar\/piloto\/index.php\/acerca-de\/\">m\u00e1s en detalle aqu\u00ed<\/a>. <\/p>\n\n\n\n<figure class=\"wp-block-image aligncenter size-large\"><img loading=\"lazy\" decoding=\"async\" width=\"197\" height=\"55\" src=\"https:\/\/maranghello.com.ar\/piloto\/wp-content\/uploads\/2020\/01\/maranghello-1.jpg\" alt=\"\" class=\"wp-image-237\"\/><\/figure>\n\n\n\n<p class=\"has-text-align-center\">Y a los +60, entrenando en un simulador de #TurismoCarretera<\/p>\n\n\n\n<figure class=\"wp-block-embed is-type-video is-provider-youtube wp-block-embed-youtube wp-embed-aspect-16-9 wp-has-aspect-ratio\"><div class=\"wp-block-embed__wrapper\">\n<div class=\"zak-oembed-container\"><iframe loading=\"lazy\" title=\"Dos tandas de entrenamiento de Turismo Carretera en Simulador - Comentado\" width=\"812\" height=\"457\" src=\"https:\/\/www.youtube.com\/embed\/wN2ZlnIZodM?feature=oembed\" frameborder=\"0\" allow=\"accelerometer; autoplay; clipboard-write; encrypted-media; gyroscope; picture-in-picture; web-share\" referrerpolicy=\"strict-origin-when-cross-origin\" allowfullscreen><\/iframe><\/div>\n<\/div><\/figure>\n\n\n\n<div class=\"wp-block-group alignwide has-background is-layout-flow wp-block-group-is-layout-flow\" style=\"background-color:#ffffff\">\n<div class=\"wp-block-group is-layout-flow wp-block-group-is-layout-flow\">\n<pre class=\"wp-block-code\"><code>Y a los +60, entrenando en un simulador de #TurismoCarretera<\/code><\/pre>\n\n\n\n<pre class=\"wp-block-code\"><code><\/code><\/pre>\n<\/div>\n<\/div>\n","protected":false},"excerpt":{"rendered":"<p>Sitio oficial del ex piloto de automovilismo \u00a1Hola y bienvenido a mi sitio oficial! Sum\u00e9rgete en mi apasionante viaje a trav\u00e9s del mundo del automovilismo nacional, donde las emociones y las experiencias inolvidables se entrelazan en cada curva de mi carrera. Mi traves\u00eda comenz\u00f3 en 1997 como piloto amateur en el emocionante Gol Motor Show, [&hellip;]<\/p>\n","protected":false},"author":1,"featured_media":205,"parent":0,"menu_order":0,"comment_status":"closed","ping_status":"closed","template":"","meta":{"footnotes":""},"class_list":["post-12","page","type-page","status-publish","has-post-thumbnail","hentry"],"_links":{"self":[{"href":"https:\/\/maranghello.com.ar\/piloto\/index.php\/wp-json\/wp\/v2\/pages\/12","targetHints":{"allow":["GET"]}}],"collection":[{"href":"https:\/\/maranghello.com.ar\/piloto\/index.php\/wp-json\/wp\/v2\/pages"}],"about":[{"href":"https:\/\/maranghello.com.ar\/piloto\/index.php\/wp-json\/wp\/v2\/types\/page"}],"author":[{"embeddable":true,"href":"https:\/\/maranghello.com.ar\/piloto\/index.php\/wp-json\/wp\/v2\/users\/1"}],"replies":[{"embeddable":true,"href":"https:\/\/maranghello.com.ar\/piloto\/index.php\/wp-json\/wp\/v2\/comments?post=12"}],"version-history":[{"count":18,"href":"https:\/\/maranghello.com.ar\/piloto\/index.php\/wp-json\/wp\/v2\/pages\/12\/revisions"}],"predecessor-version":[{"id":466,"href":"https:\/\/maranghello.com.ar\/piloto\/index.php\/wp-json\/wp\/v2\/pages\/12\/revisions\/466"}],"wp:featuredmedia":[{"embeddable":true,"href":"https:\/\/maranghello.com.ar\/piloto\/index.php\/wp-json\/wp\/v2\/media\/205"}],"wp:attachment":[{"href":"https:\/\/maranghello.com.ar\/piloto\/index.php\/wp-json\/wp\/v2\/media?parent=12"}],"curies":[{"name":"wp","href":"https:\/\/api.w.org\/{rel}","templated":true}]}}